= -13 - -25. Suppose -c - p - 3 = 0. List the prime factors of w(c).
5, 11
Let p(u) = -100*u + 16. What are the prime factors of p(-2)?
2, 3
Suppose 0*r - 24 = -6*r. Let x be 280/(-12)*(-12)/10. Suppose -2*w + r*w - x = 0. List the prime factors of w.
2, 7
Suppose v = -4*v + 15. Suppose 2*z = -d + 80 - 15, 2*z + 203 = v*d. List the prime factors of d.
67
Let t(k) = 4*k**3 + 2*k**2 + k + 2. Let g be t(-2). Suppose 5*d - 45 = 2*d. Let y = d - g. List the prime factors of y.
3, 13
Let n(x) be the second derivative of -7/2*x**2 + 8*x + 0 + 3/2*x**3. List the prime factors of n(2).
11
Let w be 1 + ((-390)/5)/2. List the prime factors of 178/2 + 34 + w.
5, 17
Let s = 8 + 6. Let h = 17 - s. Suppose -v = -3*b + 60, -2*v - 57 = h*b - 6*b. What are the prime factors of b?
3, 7
Let h(c) = c**3 - 14*c**2 - 30*c - 11. Let q be h(16). Suppose -m = -3, -3*x - q + 255 = -m. What are the prime factors of x?
79
Let g(v) = v**3 + 8*v**2 + 6*v - 10. Let i be g(-8). Let u = 99 + i. List the prime factors of u.
41
Suppose -8*y + 3078 + 674 = 0. What are the prime factors of y?
7, 67
Let u(y) = y**2 - 3*y - 18. Suppose 24 = x - 3*x. What are the prime factors of u(x)?
2, 3
Suppose -2*c + 1398 = 4*r, 2*c - 1404 = 5*r - 3*r. List the prime factors of c.
701
What are the prime factors of 11296/4 - (3 - 9)?
2, 5, 283
Let y(r) = -r**2 - 9*r - 4. Let p(q) = -q. Let z(h) = 4*p(h) + y(h). Let c be z(-6). Suppose -c = -4*v - 2*o + 36, 2*v = -4*o + 22. List the prime factors of v.
3, 7
Suppose 5778 + 7494 = 28*a. List the prime factors of a.
2, 3, 79
Suppose 2*u - 56 = u. Suppose 3*j + 14 = -5*d + u, -5*d + 33 = 2*j. What are the prime factors of 3/j - (-56)/12?
5
Suppose -c + 2 = -8. Suppose -i = -c - 4. What are the prime factors of 802/i - (-6)/(-21)?
3, 19
Let c(m) = -m**3 - 5*m**2 + 5*m - 4. Let j be c(-6). List the prime factors of (-2)/(-11) - j*(-1796)/88.
41
Suppose -3*r = -1 - 5. Let f(o) = -o**2 + 9*o + 13. Let h be f(10). Suppose -r*s + 30 + 6 = -h*a, -s + 18 = -2*a. What are the prime factors of s?
2, 3
Suppose 0 = -8*q + 297 + 1439. List the prime factors of q.
7, 31
Let a(t) = -64*t**3 + 63*t**3 - t + 2*t + t**2. Let h(f) = 4*f**3 - 9*f**2 + f + 9. Let q(x) = 3*a(x) + h(x). List the prime factors of q(6).
3, 11
Let z(h) = -91*h. Let i be z(-2). Suppose 2*k - i = -62. List the prime factors of k.
2, 3, 5
Let v = -105 + 187. Suppose -2*a - 7*n + v = -4*n, -4*a + 5*n = -120. What are the prime factors of a?
5, 7
Let f(r) = -13*r**2 - 2*r + 9 + 60*r**2 - 8. List the prime factors of f(2).
5, 37
Let i be -1 + -2 - (5 + 2)*-1. What are the prime factors of ((-12)/(-4) + (-14)/i)*-154?
7, 11
Suppose 0*p + 20 = 4*p. Suppose -p*j = -j + 8. Let r(h) = -3*h**3 + h**2 + 3*h + 1. What are the prime factors of r(j)?
23
Suppose 4*j - 739 - 309 = -5*g, -630 = -3*g - 3*j. Suppose g = 3*z - 128. What are the prime factors of z?
2, 7
Let d(t) = -16*t + t**2 + 7 + 10*t - 3*t. Let c be d(9). List the prime factors of 103/c + (-4)/(-14).
3, 5
Let x = -27 + 38. Suppose 56 = -x*n + 12*n. What are the prime factors of n?
2, 7
Let f = -21 - -23. What are the prime factors of 3/((18/429)/f)?
11, 13
Suppose 0 = 6*j - j - 150. Suppose -2*k - j = -m, 5*k = -2*m + 7 + 17. Suppose -3*t + 60 - 6 = -3*l, m = t - 5*l. What are the prime factors of t?
17
Let n(p) = 419*p + 267. What are the prime factors of n(6)?
3, 103
Let o(w) = 2*w**3 - 9*w**2 + 15*w - 13. What are the prime factors of o(5)?
3, 29
Let v be -4 - -5 - (-5 + 2). Suppose v*k = 5 + 3. Suppose -k*l + 67 = -31. What are the prime factors of l?
7
Suppose -14*k = -17*k + 141. List the prime factors of k.
47
Let u(o) = o**2 - 8*o - 6. Let p be u(9). Suppose 1 = h - p. Suppose -h*y + 3*f - 24 = -68, -5*f = -3*y + 44. List the prime factors of y.
2
Let h be -2 + (0 - (2 - 4)) - -5. Suppose t = h*i + 82, -3*i - 2*i = 20. What are the prime factors of t?
2, 31
Let s be 85/25 + 4/(-10). Let n be 5 + -2*6/4. Suppose h - 16 = -5*v, 0 = n*v - s*h + 5*h. List the prime factors of v.
2
Suppose 0 = 4*k - 186 - 2670. Suppose 11*u + k = 17*u. What are the prime factors of u?
7, 17
Suppose 0 = 9*z - 8*z - 1137. List the prime factors of z.
3, 379
Suppose 9*m - 3*m + 270 = 0. List the prime factors of (-1)/(m/(-120)*(-4)/258).
2, 43
Suppose -20 = x - 2*k - k, -5*x = -4*k + 78. List the prime factors of 3/(-21)*-2 + (-1844)/x.
2, 3, 11
Suppose 18*p + 28*p = 45678. List the prime factors of p.
3, 331
Let j(n) be the second derivative of n**5/20 + 5*n**4/6 - n**3/2 - 3*n**2/2 + 28*n. What are the prime factors of j(-5)?
137
Suppose -6 = -6*n + 6. Suppose h - 4 = -n. Suppose h*q - 5*f = 137, 4*q - 136 = -5*f + 123. List the prime factors of q.
2, 3, 11
Let y(i) = i + 0*i + 21 - 1. Let q be y(-9). Let l(w) = 4*w + 15. List the prime factors of l(q).
59
Suppose -s = 4*s - 30. Let q(n) = 3*n - 3. List the prime factors of q(s).
3, 5
Suppose 2*d - 5*d + w - 4 = 0, -23 = d + 4*w. Let x = 6 + d. Suppose x*b = 38 + 16. What are the prime factors of b?
2, 3
Let g(f) = f**2 - f - 1. Let y be g(0). List the prime factors of -19*6*y/2.
3, 19
Suppose 3*w = 4*c + w - 914, -5*w = 3*c - 679. Suppose 33*y = 27*y + c. What are the prime factors of y?
2, 19
Suppose 3*j - 6 = -0*m + 3*m, 29 = 3*m + 4*j. Suppose 64 = 2*g + m*b, -82 = -3*g - 2*b + b. List the prime factors of g.
2, 13
Suppose 3*j - 196 = -j. Suppose -j = 4*f - 189. Suppose f = 2*u + 7. List the prime factors of u.
2, 7
Let z = -8 + 28. Let c = 30 + z. List the prime factors of c.
2, 5
Suppose 0 = 2*y - k - 2490, 7*y - 5*k = 6*y + 1227. What are the prime factors of y?
29, 43
Let b(z) be the first derivative of -z**4/4 + 7*z**3 + z**2/2 + 29*z - 21. What are the prime factors of b(21)?
2, 5
Let t be (4/16)/(3/12). Let j = 1 + t. Let y = 12 + j. What are the prime factors of y?
2, 7
Let r(z) = z**2 - 15*z - 5. Let y(c) = -c**3 + c**2 + 16. Let x(o) = o - 6. Let k be x(6). Let q be y(k). What are the prime factors of r(q)?
11
What are the prime factors of -2 - -637 - (-7 - -11)?
631
Let v = -2 + 8. Let g be 1 + 1 + v - 4. Let a(s) = s**3 + s**2 - 4*s. List the prime factors of a(g).
2
Let r = -19 - -17. What are the prime factors of 735/14 - (-1)/r?
2, 13
Let t be 6/14 - (-6)/(-14). Let o(h) = 3*h + 64. What are the prime factors of o(t)?
2
Let z be (19 - 13)/(3/14). Suppose -3*h + 214 - z = 0. What are the prime factors of h?
2, 31
Let j(a) be the third derivative of 31*a**6/120 - a**4/24 + a**2. List the prime factors of j(1).
2, 3, 5
Let h(b) = -2*b**3 - 30*b**2 - 10*b + 19. List the prime factors of h(-15).
13
What are the prime factors of 250/(-8)*(-14 + 2)?
3, 5
Let c(b) = -30*b + 21. Let w(f) = 15*f - 10. Let z(l) = -3*c(l) - 5*w(l). Let i be z(6). Let y = -46 + i. List the prime factors of y.
31
Let w = -125 + 342. What are the prime factors of w?
7, 31
Suppose 0 = -f - z + 297, -3*f + 7*f = z + 1183. List the prime factors of 96/(-216) + f/18.
2
Let x = 1465 - 1009. List the prime factors of x.
2, 3, 19
Let s be 6*((-30)/9)/(-5). Suppose 4*n - 2*q - q = 14, -22 = -s*n - q. Suppose 5*u = -4*w + 23, -4*u + 2 = -0*w - n*w. What are the prime factors of w?
2
Suppose 0 = 2*n + 2, -4*i + 0 = -3*n + 209. Let w = 116 + i. List the prime factors of w.
3, 7
Let g(u) = -29*u**3 + 2*u + 3. Let l be g(-1). Suppose -66 - l = -2*y. List the prime factors of y.
2, 3
List the prime factors of ((-40)/(-16) - 13)*-1*250.
3, 5, 7
Let z = 6 - 2. Let a(f) = 3*f. Let r be a(z). Suppose 92 = 8*c - r. What are the prime factors of c?
13
Let q be 229/11 + 6/33. Let i = q - -12. What are the prime factors of i?
3, 11
Let a = -39 - -84. Let t = 79 - a. Let k = 25 + t. What are the prime factors of k?
59
Let z(s) = -28*s - 15. Let r be z(-10). Let j = -374 + r. Let n = 192 + j. What are the prime factors of n?
83
Let t(y) = y**3 + 2*y**2 + 24*y + 12. Let g be t(-12). What are the prime factors of (-3)/(-2) - g/24?
73
Let v(s) = -s + 3. Let f be v(-7). Suppose 3*w - 2 - f = 0. Suppose -8*n + 68 = -w*n. What are the prime factors of n?
17
Let j be 41/5 + (-2)/(-20)*-2. Suppose 5*k = 3*t - 128, 40 = t + 7*k - j*k. List the prime factors of t.
2, 3
Let a(g) be the first derivative of -g**3/3 - 2*g**2 + 10*g - 5. Let j(i) = -i**2 - 3*i + 9. Let c(t) = 5*a(t) - 6*j(t). What are the prime factors of c(4)?
2
List the prime factors of 